{"id":59,"date":"2018-09-21T12:13:24","date_gmt":"2018-09-21T10:13:24","guid":{"rendered":"http:\/\/www.haknk.info\/toolino\/?page_id=59"},"modified":"2026-01-30T10:06:15","modified_gmt":"2026-01-30T09:06:15","slug":"1992-96","status":"publish","type":"page","link":"http:\/\/www.haknk.info\/toolino\/?page_id=59","title":{"rendered":"1992-1996"},"content":{"rendered":"<ul>\n<li><span style=\"color: #333300;\"><strong>1992\/1993<\/strong><\/span><\/li>\n<\/ul>\n<p><em>Sept.-Dez. 1992:<\/em><\/p>\n<p>Errichtung des 1. BWZ in N\u00d6 (mit den ersten Farbmonitoren)<\/p>\n<p>Gr\u00fcndung der \u00dcbungsfirma: Abschluss des GesmbH Vertrages unter Beiziehung des Notars Dr. Grubmayr<\/p>\n<p><em><br \/>\nJ\u00e4nner 1993:<\/em><\/p>\n<p>Aufnahme des Betriebes. Einrichtung der Buchhaltung, Lagerbuchhaltung und Fakturierung mit dem Programm IRIS der Fa. Mesonic<\/p>\n<p>Erster Fr\u00fchjahrskatalog wird versendet<\/p>\n<p>Eintrag im Firmenbuch des LG Wr. Neustadt<\/p>\n<p>Beginn der Zusammenarbeit mit der Partnerfirma Konrath GmbH, Home &amp; Garden Paradise<\/p>\n<p>__________________________________________________________________<\/p>\n<ul>\n<li><strong>1993\/1994<\/strong><\/li>\n<\/ul>\n<p>Erstellung der ersten Bilanz und G+V Rechnung 1993 samt Steuererkl\u00e4rungen<\/p>\n<p>Erstmals Bescheide des ACT- Finanzamtes<\/p>\n<p>Ablauforganisation wird schriftlich festgelegt<\/p>\n<p>Herbst- u. Fr\u00fchjahrskataloge werden versendet<\/p>\n<p>Abwicklung des Zahlungsverkehrs mit Datentr\u00e4ger\u00fcbermittlung an ACT Bank<\/p>\n<p>Umstellung der Programmen von IRIS auf WINLINE<\/p>\n<p>__________________________________________________________________<\/p>\n<ul>\n<li><strong>1994\/1995<\/strong><\/li>\n<\/ul>\n<p>Lohnverrechnung wird ab diesem Schuljahr mit WINLOHN durchgef\u00fchrt<\/p>\n<p>Erstellung eines Unternehmensleitbildes<\/p>\n<p>Ausarbeitung eines neuen Marketingkonzeptes<\/p>\n<p>Erstellung eines neuen Kataloges unter dem Motto:<br \/>\nIHR PARTNER F\u00dcR B\u00dcRO, HAUS UND GARTEN<\/p>\n<p>Erste Auslandsgesch\u00e4fte werden abgewickelt<\/p>\n<p>Erste HAS-Abschlusspr\u00fcfung wird erfolgreich durchgef\u00fchrt<\/p>\n<p>__________________________________________________________________<\/p>\n<ul>\n<li><strong>1995\/1996<\/strong><\/li>\n<\/ul>\n<p>Kataloge haben eine zweij\u00e4hrige G\u00fcltigkeitsdauer<\/p>\n<p>Teilnahme an der 1. N\u00d6 \u00dcbungsfirmenmesse in Tulln<\/p>\n<p>Die erste Hausmesse am Tag der offenen T\u00fcr wird veranstaltet<\/p>\n<p>Im M\u00e4rz 1996 erfolgt die Teilnahme an der internationalen \u00dcFA-Messe in Wien<\/p>\n","protected":false},"excerpt":{"rendered":"<p>1992\/1993 Sept.-Dez. 1992: Errichtung des 1. BWZ in N\u00d6 (mit den ersten Farbmonitoren) Gr\u00fcndung der \u00dcbungsfirma: Abschluss des GesmbH Vertrages unter Beiziehung des Notars Dr. Grubmayr J\u00e4nner 1993: Aufnahme des Betriebes. Einrichtung der Buchhaltung, Lagerbuchhaltung und Fakturierung mit dem Programm IRIS der Fa. Mesonic Erster Fr\u00fchjahrskatalog wird versendet Eintrag im Firmenbuch des LG Wr. Neustadt <a class=\"more-link\" href=\"http:\/\/www.haknk.info\/toolino\/?page_id=59\">weiterlesen&#8230;<\/a><\/p>\n","protected":false},"author":1,"featured_media":0,"parent":0,"menu_order":0,"comment_status":"closed","ping_status":"closed","template":"","meta":{"footnotes":""},"class_list":["post-59","page","type-page","status-publish","hentry"],"_links":{"self":[{"href":"http:\/\/www.haknk.info\/toolino\/index.php?rest_route=\/wp\/v2\/pages\/59","targetHints":{"allow":["GET"]}}],"collection":[{"href":"http:\/\/www.haknk.info\/toolino\/index.php?rest_route=\/wp\/v2\/pages"}],"about":[{"href":"http:\/\/www.haknk.info\/toolino\/index.php?rest_route=\/wp\/v2\/types\/page"}],"author":[{"embeddable":true,"href":"http:\/\/www.haknk.info\/toolino\/index.php?rest_route=\/wp\/v2\/users\/1"}],"replies":[{"embeddable":true,"href":"http:\/\/www.haknk.info\/toolino\/index.php?rest_route=%2Fwp%2Fv2%2Fcomments&post=59"}],"version-history":[{"count":3,"href":"http:\/\/www.haknk.info\/toolino\/index.php?rest_route=\/wp\/v2\/pages\/59\/revisions"}],"predecessor-version":[{"id":1589,"href":"http:\/\/www.haknk.info\/toolino\/index.php?rest_route=\/wp\/v2\/pages\/59\/revisions\/1589"}],"wp:attachment":[{"href":"http:\/\/www.haknk.info\/toolino\/index.php?rest_route=%2Fwp%2Fv2%2Fmedia&parent=59"}],"curies":[{"name":"wp","href":"https:\/\/api.w.org\/{rel}","templated":true}]}}