{"id":46,"date":"2018-09-20T20:37:46","date_gmt":"2018-09-20T18:37:46","guid":{"rendered":"http:\/\/www.haknk.info\/toolino\/?page_id=46"},"modified":"2018-12-07T09:11:53","modified_gmt":"2018-12-07T08:11:53","slug":"italienisch","status":"publish","type":"page","link":"http:\/\/www.haknk.info\/toolino\/?page_id=46","title":{"rendered":"immagine guida italiano"},"content":{"rendered":"<p>Ci impegniamo a rispettare i seguenti principi nella nostra politica aziendale e nel nostro lavoro quotidiano:<\/p>\n<p>&nbsp;<\/p>\n<p>Siamo un&#8217;azienda orientata al cliente.<\/p>\n<p>Ci impegniamo per questo<\/p>\n<p>il cliente cordiale e cortese<br \/>\nper consigliare il cliente con competenza<br \/>\nlavorare in modo manageriale e orientato al successo<br \/>\nI nostri servizi sono rapidi e accurati<br \/>\nI reclami saranno trattati rapidamente e senza burocrazia<br \/>\nVorremmo anche visitare internet attraverso la nostra homepage e il webshop in qualsiasi momento<br \/>\nessere raggiungibile per i nostri clienti e rivolgersi al nostro gruppo target.<br \/>\nIn particolare, vogliamo fare appello ai clienti di tutte le et\u00e0 che sono dinamici ed entusiasti del giardino. Vogliamo anche rendere la vita pi\u00f9 facile e migliore per le persone in ufficio, che si applica anche alla casa.<\/p>\n<p>Il nostro obiettivo principale \u00e8 essere un&#8217;azienda di qualit\u00e0 in ogni senso e garantire la soddisfazione dei nostri clienti. La qualit\u00e0 dei nostri fornitori determina la qualit\u00e0 della nostra offerta di servizi ai nostri clienti. Proprio come garantiamo il 100% di correttezza ed equit\u00e0 ai nostri fornitori, ci aspettiamo che siano corretti al 100% ed equi.<\/p>\n<p>Il pi\u00f9 grande vantaggio della nostra azienda sono i nostri dipendenti. Gentilezza, cortesia e un aspetto ragionevole e sicuro sono i requisiti di base di un dipendente nella nostra azienda. Ogni individuo, ma soprattutto i dirigenti, sono incoraggiati a garantire cooperazione, iniziativa, corresponsabilit\u00e0 e a promuovere l&#8217;ulteriore sviluppo dei propri dipendenti.<\/p>\n<p>Siamo una societ\u00e0 a scopo di lucro per salvaguardare l&#8217;esistenza e lo sviluppo a lungo termine della nostra azienda e quindi del nostro lavoro. Ci impegniamo per l&#8217;equit\u00e0 nella vita aziendale e per il comportamento cooperativo nei confronti dei nostri clienti e fornitori.<\/p>\n","protected":false},"excerpt":{"rendered":"<p>Ci impegniamo a rispettare i seguenti principi nella nostra politica aziendale e nel nostro lavoro quotidiano: &nbsp; Siamo un&#8217;azienda orientata al cliente. Ci impegniamo per questo il cliente cordiale e cortese per consigliare il cliente con competenza lavorare in modo manageriale e orientato al successo I nostri servizi sono rapidi e accurati I reclami saranno <a class=\"more-link\" href=\"http:\/\/www.haknk.info\/toolino\/?page_id=46\">weiterlesen&#8230;<\/a><\/p>\n","protected":false},"author":1,"featured_media":0,"parent":0,"menu_order":0,"comment_status":"closed","ping_status":"closed","template":"","meta":{"footnotes":""},"class_list":["post-46","page","type-page","status-publish","hentry"],"_links":{"self":[{"href":"http:\/\/www.haknk.info\/toolino\/index.php?rest_route=\/wp\/v2\/pages\/46","targetHints":{"allow":["GET"]}}],"collection":[{"href":"http:\/\/www.haknk.info\/toolino\/index.php?rest_route=\/wp\/v2\/pages"}],"about":[{"href":"http:\/\/www.haknk.info\/toolino\/index.php?rest_route=\/wp\/v2\/types\/page"}],"author":[{"embeddable":true,"href":"http:\/\/www.haknk.info\/toolino\/index.php?rest_route=\/wp\/v2\/users\/1"}],"replies":[{"embeddable":true,"href":"http:\/\/www.haknk.info\/toolino\/index.php?rest_route=%2Fwp%2Fv2%2Fcomments&post=46"}],"version-history":[{"count":5,"href":"http:\/\/www.haknk.info\/toolino\/index.php?rest_route=\/wp\/v2\/pages\/46\/revisions"}],"predecessor-version":[{"id":509,"href":"http:\/\/www.haknk.info\/toolino\/index.php?rest_route=\/wp\/v2\/pages\/46\/revisions\/509"}],"wp:attachment":[{"href":"http:\/\/www.haknk.info\/toolino\/index.php?rest_route=%2Fwp%2Fv2%2Fmedia&parent=46"}],"curies":[{"name":"wp","href":"https:\/\/api.w.org\/{rel}","templated":true}]}}