{"id":1097,"date":"2023-09-15T11:21:23","date_gmt":"2023-09-15T09:21:23","guid":{"rendered":"http:\/\/www.haknk.info\/toolino\/?page_id=1097"},"modified":"2025-11-07T09:30:03","modified_gmt":"2025-11-07T08:30:03","slug":"herzlich-willkommen","status":"publish","type":"page","link":"http:\/\/www.haknk.info\/toolino\/?page_id=1097","title":{"rendered":"Herzlich willkommen!"},"content":{"rendered":"<p>\u2026 auf der Webseite der TOOLINO Warenhandels GmbH einer \u00dcbungsfirma der BHAK \u2013 BHAS Neunkirchen. Wir sind eine schulische \u00dcbungsfirma und bem\u00fchen uns bei unserer Arbeit einerseits fachlich als auch p\u00e4dagogisch und didaktisch richtig und erfolgreich zu arbeiten.<\/p>\n<p><img loading=\"lazy\" decoding=\"async\" class=\"alignnone wp-image-1423 size-full\" src=\"http:\/\/www.haknk.info\/toolino\/wp-content\/uploads\/2025\/10\/Toolino_Team_2025.jpg\" alt=\"\" width=\"1920\" height=\"1440\" srcset=\"http:\/\/www.haknk.info\/toolino\/wp-content\/uploads\/2025\/10\/Toolino_Team_2025.jpg 1920w, http:\/\/www.haknk.info\/toolino\/wp-content\/uploads\/2025\/10\/Toolino_Team_2025-300x225.jpg 300w, http:\/\/www.haknk.info\/toolino\/wp-content\/uploads\/2025\/10\/Toolino_Team_2025-1024x768.jpg 1024w, http:\/\/www.haknk.info\/toolino\/wp-content\/uploads\/2025\/10\/Toolino_Team_2025-768x576.jpg 768w, http:\/\/www.haknk.info\/toolino\/wp-content\/uploads\/2025\/10\/Toolino_Team_2025-1536x1152.jpg 1536w, http:\/\/www.haknk.info\/toolino\/wp-content\/uploads\/2025\/10\/Toolino_Team_2025-350x263.jpg 350w, http:\/\/www.haknk.info\/toolino\/wp-content\/uploads\/2025\/10\/Toolino_Team_2025-780x586.jpg 780w, http:\/\/www.haknk.info\/toolino\/wp-content\/uploads\/2025\/10\/Toolino_Team_2025-250x188.jpg 250w\" sizes=\"auto, (max-width: 1920px) 100vw, 1920px\" \/><\/p>\n<p>Als Mitarbeiter der \u00dcbungsfirma freuen wir uns\u00a0\u00fcber einen Besuch unseres Webshops bzw. \u00fcber eine Bestellung, die Sie dort vornehmen k\u00f6nnen.<\/p>\n<p>Bitte beachten Sie, dass alle Gesch\u00e4fte, da wir eine \u00dcbungsfirma sind, nur zu \u00dcbungszwecken stattfinden und niemals real abgewickelt werden.<\/p>\n<p><strong>Danke<\/strong> f\u00fcr Ihren Besuch auf unserer Website!<\/p>\n<p>For our international customers<\/p>\n<p>Welcome to the website of TOOLINO Warenhandels GmbH (limited liability company), a training company for BHAK \u2013 BHAS Neunkirchen. We are a school training company and trust that we do our work successfully and professionally.<\/p>\n<div class=\"iYB33c\">\n<div class=\"dlJLJe\">\n<div data-cviv=\"false\" data-ved=\"2ahUKEwiHq83soKyBAxW2zwIHHeBUARoQz_AEegQICRAP\">\n<div class=\"U9URNb\"><\/div>\n<\/div>\n<\/div>\n<div id=\"tw-tmenu\" class=\"tw-menu\">\n<p>As employees of the training company, we are looking forward to our customers visiting our web shop and placing orders there.<\/p>\n<p>Please note that, as we are a practice company, all transactions take place for practice purposes and are never actually carried out.<\/p>\n<p><strong>Thank you<\/strong> for visiting our website!<\/p>\n<\/div>\n<\/div>\n","protected":false},"excerpt":{"rendered":"<p>\u2026 auf der Webseite der TOOLINO Warenhandels GmbH einer \u00dcbungsfirma der BHAK \u2013 BHAS Neunkirchen. Wir sind eine schulische \u00dcbungsfirma und bem\u00fchen uns bei unserer Arbeit einerseits fachlich als auch p\u00e4dagogisch und didaktisch richtig und erfolgreich zu arbeiten. Als Mitarbeiter der \u00dcbungsfirma freuen wir uns\u00a0\u00fcber einen Besuch unseres Webshops bzw. \u00fcber eine Bestellung, die Sie <a class=\"more-link\" href=\"http:\/\/www.haknk.info\/toolino\/?page_id=1097\">weiterlesen&#8230;<\/a><\/p>\n","protected":false},"author":3,"featured_media":1423,"parent":0,"menu_order":0,"comment_status":"closed","ping_status":"closed","template":"","meta":{"footnotes":""},"class_list":["post-1097","page","type-page","status-publish","has-post-thumbnail","hentry"],"_links":{"self":[{"href":"http:\/\/www.haknk.info\/toolino\/index.php?rest_route=\/wp\/v2\/pages\/1097","targetHints":{"allow":["GET"]}}],"collection":[{"href":"http:\/\/www.haknk.info\/toolino\/index.php?rest_route=\/wp\/v2\/pages"}],"about":[{"href":"http:\/\/www.haknk.info\/toolino\/index.php?rest_route=\/wp\/v2\/types\/page"}],"author":[{"embeddable":true,"href":"http:\/\/www.haknk.info\/toolino\/index.php?rest_route=\/wp\/v2\/users\/3"}],"replies":[{"embeddable":true,"href":"http:\/\/www.haknk.info\/toolino\/index.php?rest_route=%2Fwp%2Fv2%2Fcomments&post=1097"}],"version-history":[{"count":4,"href":"http:\/\/www.haknk.info\/toolino\/index.php?rest_route=\/wp\/v2\/pages\/1097\/revisions"}],"predecessor-version":[{"id":1459,"href":"http:\/\/www.haknk.info\/toolino\/index.php?rest_route=\/wp\/v2\/pages\/1097\/revisions\/1459"}],"wp:featuredmedia":[{"embeddable":true,"href":"http:\/\/www.haknk.info\/toolino\/index.php?rest_route=\/wp\/v2\/media\/1423"}],"wp:attachment":[{"href":"http:\/\/www.haknk.info\/toolino\/index.php?rest_route=%2Fwp%2Fv2%2Fmedia&parent=1097"}],"curies":[{"name":"wp","href":"https:\/\/api.w.org\/{rel}","templated":true}]}}